et f = v - 25. Calculate the remainder when (8/(-12))/(2/(-159)) is divided by f.
11
Let n = -1443 - -1487. Calculate the remainder when n is divided by 15.
14
Suppose -4*f = 16, 2*v - 4*f + 60 = 100. What is the remainder when 250 is divided by v?
10
Let d = -4934 - -4966. Let j = 40 + -25. What is the remainder when d is divided by j?
2
Let f(x) = -64*x + 8. What is the remainder when 245 is divided by f(0)?
5
Suppose 145*r = 144*r + 51. Calculate the remainder when r is divided by 3.
0
Let n(w) = -41*w + 386. Let b(c) = c**2 - 6*c + 7. What is the remainder when n(9) is divided by b(6)?
3
Let o(n) = -2*n - 13. Let b be o(-9). Suppose u = -0*u. Suppose b*g - 17 - 13 = u. Calculate the remainder when 10 is divided by g.
4
Let x(h) = -23*h + 208. Let l = 19 + 23. Calculate the remainder when l is divided by x(8).
18
Suppose 21*g = 25*g + 424. Let c = -90 - g. Calculate the remainder when 44 is divided by c.
12
Suppose 0 = -6*v - 265 - 95. Let d = v - -87. What is the remainder when 105 is divided by d?
24
Let h be (8/6*1)/(56/1260). Suppose 0 = -3*z + d + h, -4*z + 2*z + 5*d = -20. Let t = 117 - 78. What is the remainder when t is divided by z?
9
Let d(p) = -6*p + 172. Calculate the remainder when d(26) is divided by 7.
2
What is the remainder when (-2)/20*4 + (-4354)/(-10) is divided by 73?
70
Suppose 2*t - 3*p - 1980 = 0, -985 = 3*t - 4*t - p. Calculate the remainder when t is divided by 52.
51
Suppose -3*l + 6*l + 432 = 0. What is the remainder when 69 is divided by 1/(-1 + l/(-140))?
34
Suppose 13*k - 6 = 709. Suppose 0*z - 1 = -z. What is the remainder when k is divided by z*15 + (0 - 1)?
13
Let x(o) = -3*o**2 + 8*o + 26. Let k be x(-3). Let g = k - -32. Calculate the remainder when 21 is divided by g.
0
Suppose 0 = -8*z - 726 + 934. Calculate the remainder when 439 is divided by z.
23
Let j(z) = z**2 - 11*z. Let s be j(13). Suppose -s*o + 27*o = 78. Calculate the remainder when o is divided by 8.
6
Suppose -114*w + f = -112*w - 151, 0 = -3*w - 5*f + 194. Suppose 3*p = 5*p - 52. Calculate the remainder when w is divided by p.
21
Suppose -3*h + 685 = 5*b, -3*b + 5*h + 450 - 73 = 0. Suppose 0 = -4*n + 8*n - 136. Calculate the remainder when b is divided by n.
32
Let q(t) = -t**3 + 3*t**2 + 7*t + 5. Calculate the remainder when q(-4) is divided by (-35)/(-28)*20 - 2.
20
What is the remainder when 721 is divided by 3/(-2)*(-21)/(441/406)?
25
Suppose 98*n - 19*n - 26307 = 0. What is the remainder when n is divided by 84?
81
Let d = 658 + -627. Let w = 1 - -3. Suppose w*j - 85 = -j. Calculate the remainder when d is divided by j.
14
Suppose -8 = -2*l + 26. Let c(y) = 13*y - 10. Let w be c(0). What is the remainder when l is divided by ((-8)/(-6)*75/w)/(-2)?
2
Calculate the remainder when 75 is divided by 3*(-5)/60 - 231/(-12).
18
What is the remainder when (-31 + 1)*(5 - 110/10) is divided by 48?
36
Let y = 3 + 22. Suppose -5*o = -4*x - 41, -4*o + 16 = 5*x - y. What is the remainder when 24 is divided by o?
6
Suppose 0 = 5*c - 78*c + 26353. Calculate the remainder when c is divided by 28.
25
Suppose -3*o = 3*k - 102, -5*k - 2*o = 33 - 200. Calculate the remainder when 192 is divided by k.
27
Let s(k) = 3*k. Let x be s(5). Suppose -a = -0*i - 4*i - 19, -a = -3*i - x. Suppose 8*v - a*v - 35 = 0. What is the remainder when v is divided by 3?
1
Let z = -1671 + 1718. What is the remainder when 143 is divided by z?
2
Suppose -2*m = -4*i + 86, -5*i = 3*m - 70 - 65. Let x be 1 + -2 + 3 + -70. What is the remainder when -2*x/2 + 3 is divided by i?
23
Let u(n) = -10*n**3 - 111*n**2 - 22*n - 112. Let s(m) = 12*m**2 - 2*m - 2. Calculate the remainder when s(2) is divided by u(-11).
6
Let f(v) = 11*v + 12. Let o be f(6). Suppose 0 = -2*g - 2*t + o, g + 2*t = -t + 33. What is the remainder when g is divided by 9?
6
Let r(v) = -2*v**2 + 4*v + 1. Let j be r(6). Let f = j + 34. Let y = f - -26. What is the remainder when 49 is divided by y?
10
Let y(n) = -n**2 - 6*n - 7. Let g(f) = f**3 + 8*f**2 + 5*f - 7. Let c be g(-7). Let h be y(c). Let r = -63 - h. Calculate the remainder when r is divided by 19.
16
Let x = -97 - -144. What is the remainder when 109 is divided by x?
15
Let v = 56 - 51. Let f = v - -11. What is the remainder when 40 is divided by f?
8
Let f be 0 - 2/(-5)*(225 - -5). Suppose s - 5*s = -f. What is the remainder when 62 is divided by s?
16
Let j(r) = r**2 - 13*r + 27. Let c be j(11). Suppose c*g + 23 - 108 = 0. What is the remainder when 30 is divided by g?
13
Let y = -1112 - -1205. Let b(t) = 4*t + 4. What is the remainder when y is divided by b(3)?
13
Suppose -79 = -2*w + 1. Suppose 10 - w = -6*a. Calculate the remainder when 13 is divided by a.
3
Suppose -2 = -4*j + 6. Suppose -34*v + 14 = -27*v. Suppose j = u - v. Calculate the remainder when 6 is divided by u.
2
Let s(o) = -11 + 8*o**2 - 6*o**2 - 3*o**2 + 14*o. Let n(z) = 11*z + 3. Calculate the remainder when n(3) is divided by s(12).
10
Let g be (-12)/1*(-11 + 3). Suppose -3*u = 3*b - g, 3*u - 3*b - 34 = 32. Calculate the remainder when 53 is divided by u.
26
Suppose f - 3 = 6. Let c(p) = p**2 - 18*p - 48. Calculate the remainder when c(21) is divided by -2 + f - (2 - 1).
3
Let q be (-1)/(6/(-45))*2. Suppose -q*m - 159 = -18*m. Calculate the remainder when m is divided by 18.
17
Suppose 0*g = -g + 5. Let k = 62 + -60. Let h(w) = 3*w**2 - w + 2. What is the remainder when h(k) is divided by g?
2
What is the remainder when ((-1)/(-2))/(1/74) is divided by (10 - 4*(-1)/2) + -2?
7
Suppose -5*n + 4*n + 8 = 0. Let b(k) = -k**2 + 72*k - 321. What is the remainder when b(5) is divided by n?
6
Let g be (-6 - 2)/((-4)/42). Suppose g = -b + 5*b. Calculate the remainder when 62 is divided by b.
20
Suppose 6*q - 20 = 4*q. Let w be (-716)/(-18) + q/45. Let y = w + -17. Calculate the remainder when 68 is divided by y.
22
Let i be (-6)/15 + (-26)/10. Let o = -6 + i. Let a = o - -14. Calculate the remainder when 14 is divided by a.
4
Calculate the remainder when 1031 is divided by 0/(-50) - (3 + -95 + -2).
91
Let p = -1327 - -1437. What is the remainder when p is divided by 3/5 - (-364)/10?
36
Suppose -25 = m - 4*c, -4*m - 5*c = -10*c + 100. What is the remainder when 47 is divided by 2/2 + 0 - m?
21
Suppose -4 = w, -5*g - 10*w + 11*w = -129. Let l = 283 - 159. Calculate the remainder when l is divided by g.
24
Suppose i + 0 = 1. What is the remainder when 33*(5 + -4)/i is divided by 17?
16
Suppose -41*r - 41 + 738 = 0. What is the remainder when 403 is divided by r?
12
Let n = 24 + -23. Let v = -104 + 105. Calculate the remainder when v is divided by n.
0
Let m(r) = -r**2 - 14*r - 6. Let f(q) = -6*q - 3. Let l be f(-2). Let k = l - 21. Calculate the remainder when m(k) is divided by 7.
4
Let q(z) be the third derivative of -47*z**4/24 - z**3/3 - 22*z**2. What is the remainder when q(-1) is divided by 7?
3
Let a be 4 + (-3 + 3 - 4). What is the remainder when 45 is divided by (a/4 + 2 + -1)*17?
11
Let q = 39 + -44. Let o(r) = -r**2 - 8*r - 1. Suppose v = -4, -m - 4*m + 2*v = -283. Calculate the remainder when m is divided by o(q).
13
Let l be -5*(4 - (-3 - 0)). Let h be ((-28)/l)/((-1)/(-55)). Suppose 18*x - 14*x - h = 0. Calculate the remainder when x is divided by 3.
2
Suppose 4*s = 7*s - 135. Suppose -3*j + s = -0*j. Suppose 12*p + 72 = j*p. What is the remainder when 45 is divided by p?
21
Suppose -2*j + 22 = 5*t, -4*j = -5*t - 7 - 7. Suppose 4*i - 110 = n, 3*i + 2*n - 88 = -0*n. Suppose 3*f - 94 = -i. What is the remainder when f is divided by j?
4
Let u(n) = -2*n - 12. Let z be u(8). Let d = z + 32. Calculate the remainder when 7 is divided by d.
3
Suppose 5*n = -4*n + 234. Suppose 21 = k + 2*k. Calculate the remainder when (n/4)/((-1)/(-4)) is divided by k.
5
Let c(n) = n**2 - 8*n + 23. Let x = -9 + 13. What is the remainder when c(7) is divided by 40/6 - x/6?
4
Let j(u) = 6*u - 3 + 3*u**2 - 8*u - 2*u**2. Let c(m) = 2*m**3 - 9*m**2 + 18*m - 2. What is the remainder when c(2) is divided by j(4)?
4
Let l be 12/(-21) - 567/(-49). Suppose -l*j - 298 = -13*j. Calculate the remainder when j is divided by 38.
35
Let g = 1484 - 1406. What is the remainder when g is divided by 48?
30
What is the remainder when (-3 - (-3)/(-3))/((-7)/98) is divided by 29?
27
Suppose 3*c - 49 = -s, 3*s + 3*c - 15 = 120